{"version":"1.0","provider_name":"Azienda Agricola Bio Extra Solum di Vittorio Gariglio","provider_url":"https:\/\/bioextrasolum.it\/it\/","title":"L'agricoltore della vertical farm - Azienda Agricola Bio Extra Solum di Vittorio Gariglio","type":"rich","width":600,"height":338,"html":"<blockquote class=\"wp-embedded-content\" data-secret=\"LgGgaPJEzQ\"><a href=\"https:\/\/bioextrasolum.it\/it\/lagricoltore-della-vertical-farm\/\">L&#8217;agricoltore della vertical farm<\/a><\/blockquote><iframe sandbox=\"allow-scripts\" security=\"restricted\" src=\"https:\/\/bioextrasolum.it\/it\/lagricoltore-della-vertical-farm\/embed\/#?secret=LgGgaPJEzQ\" width=\"600\" height=\"338\" title=\"&#8220;L&#8217;agricoltore della vertical farm&#8221; &#8212; Azienda Agricola Bio Extra Solum di Vittorio Gariglio\" data-secret=\"LgGgaPJEzQ\" frameborder=\"0\" marginwidth=\"0\" marginheight=\"0\" scrolling=\"no\" class=\"wp-embedded-content\"><\/iframe><script type=\"text\/javascript\">\n\/*! This file is auto-generated *\/\n!function(c,d){\"use strict\";var e=!1,o=!1;if(d.querySelector)if(c.addEventListener)e=!0;if(c.wp=c.wp||{},c.wp.receiveEmbedMessage);else if(c.wp.receiveEmbedMessage=function(e){var t=e.data;if(!t);else if(!(t.secret||t.message||t.value));else if(\/[^a-zA-Z0-9]\/.test(t.secret));else{for(var r,s,a,i=d.querySelectorAll('iframe[data-secret=\"'+t.secret+'\"]'),n=d.querySelectorAll('blockquote[data-secret=\"'+t.secret+'\"]'),o=new RegExp(\"^https?:$\",\"i\"),l=0;l<n.length;l++)n[l].style.display=\"none\";for(l=0;l<i.length;l++)if(r=i[l],e.source!==r.contentWindow);else{if(r.removeAttribute(\"style\"),\"height\"===t.message){if(1e3<(s=parseInt(t.value,10)))s=1e3;else if(~~s<200)s=200;r.height=s}if(\"link\"===t.message)if(s=d.createElement(\"a\"),a=d.createElement(\"a\"),s.href=r.getAttribute(\"src\"),a.href=t.value,!o.test(a.protocol));else if(a.host===s.host)if(d.activeElement===r)c.top.location.href=t.value}}},e)c.addEventListener(\"message\",c.wp.receiveEmbedMessage,!1),d.addEventListener(\"DOMContentLoaded\",t,!1),c.addEventListener(\"load\",t,!1);function t(){if(o);else{o=!0;for(var e,t,r,s=-1!==navigator.appVersion.indexOf(\"MSIE 10\"),a=!!navigator.userAgent.match(\/Trident.*rv:11\\.\/),i=d.querySelectorAll(\"iframe.wp-embedded-content\"),n=0;n<i.length;n++){if(!(r=(t=i[n]).getAttribute(\"data-secret\")))r=Math.random().toString(36).substr(2,10),t.src+=\"#?secret=\"+r,t.setAttribute(\"data-secret\",r);if(s||a)(e=t.cloneNode(!0)).removeAttribute(\"security\"),t.parentNode.replaceChild(e,t);t.contentWindow.postMessage({message:\"ready\",secret:r},\"*\")}}}}(window,document);\n<\/script>\n","description":"Tratto da: https:\/\/jobbusters.adecco.it\/professioni\/lagricoltore-della-vertical-farm\/ Dopo anni di agricoltura intensiva, spesso a scapito di territori e biodiversit\u00e0, oggi quando si parla di coltivazioni viene dato sempre pi\u00f9 risalto al tema della sostenibilit\u00e0. Ma, vista la crescente domanda mondiale, non \u00e8 sempre facile abbinare alla produzione di massa il rispetto per la natura. L\u2019ospite di oggi si chiama [&hellip;]"}

Tratto da: https://jobbusters.adecco.it/professioni/lagricoltore-della-vertical-farm/ Dopo anni di agricoltura intensiva, spesso a scapito di territori e biodiversità, oggi quando si parla di coltivazioni viene dato sempre più risalto al tema della sostenibilità. Ma, vista la crescente domanda mondiale, non è sempre facile abbinare alla produzione di massa il rispetto per la natura. L’ospite di oggi si chiama [&hellip;]
